{"version":"1.0","provider_name":"Le blog d&#039;un photographe mariage","provider_url":"https:\/\/www.les-photos-de-mon-mariage.fr\/blog","author_name":"Thomas","author_url":"https:\/\/www.les-photos-de-mon-mariage.fr\/blog\/author\/thomasadmin\/","title":"Mariage d'Emily et David - Le blog d&#039;un photographe mariage","type":"rich","width":600,"height":338,"html":"<blockquote class=\"wp-embedded-content\" data-secret=\"GoRjAW9UxO\"><a href=\"https:\/\/www.les-photos-de-mon-mariage.fr\/blog\/mariage-demily-et-david\/\">Mariage d&rsquo;Emily et David<\/a><\/blockquote><iframe sandbox=\"allow-scripts\" security=\"restricted\" src=\"https:\/\/www.les-photos-de-mon-mariage.fr\/blog\/mariage-demily-et-david\/embed\/#?secret=GoRjAW9UxO\" width=\"600\" height=\"338\" title=\"\u00ab\u00a0Mariage d&rsquo;Emily et David\u00a0\u00bb &#8212; Le blog d&#039;un photographe mariage\" data-secret=\"GoRjAW9UxO\" frameborder=\"0\" marginwidth=\"0\" marginheight=\"0\" scrolling=\"no\" class=\"wp-embedded-content\"><\/iframe><script type=\"text\/javascript\">\n\/* <![CDATA[ *\/\n\/*! This file is auto-generated *\/\n!function(d,l){\"use strict\";l.querySelector&&d.addEventListener&&\"undefined\"!=typeof URL&&(d.wp=d.wp||{},d.wp.receiveEmbedMessage||(d.wp.receiveEmbedMessage=function(e){var t=e.data;if((t||t.secret||t.message||t.value)&&!\/[^a-zA-Z0-9]\/.test(t.secret)){for(var s,r,n,a=l.querySelectorAll('iframe[data-secret=\"'+t.secret+'\"]'),o=l.querySelectorAll('blockquote[data-secret=\"'+t.secret+'\"]'),c=new RegExp(\"^https?:$\",\"i\"),i=0;i<o.length;i++)o[i].style.display=\"none\";for(i=0;i<a.length;i++)s=a[i],e.source===s.contentWindow&&(s.removeAttribute(\"style\"),\"height\"===t.message?(1e3<(r=parseInt(t.value,10))?r=1e3:~~r<200&&(r=200),s.height=r):\"link\"===t.message&&(r=new URL(s.getAttribute(\"src\")),n=new URL(t.value),c.test(n.protocol))&&n.host===r.host&&l.activeElement===s&&(d.top.location.href=t.value))}},d.addEventListener(\"message\",d.wp.receiveEmbedMessage,!1),l.addEventListener(\"DOMContentLoaded\",function(){for(var e,t,s=l.querySelectorAll(\"iframe.wp-embedded-content\"),r=0;r<s.length;r++)(t=(e=s[r]).getAttribute(\"data-secret\"))||(t=Math.random().toString(36).substring(2,12),e.src+=\"#?secret=\"+t,e.setAttribute(\"data-secret\",t)),e.contentWindow.postMessage({message:\"ready\",secret:t},\"*\")},!1)))}(window,document);\n\/* ]]> *\/\n<\/script>\n","thumbnail_url":"https:\/\/www.les-photos-de-mon-mariage.fr\/blog\/wp-content\/uploads\/2023\/03\/Mariage-EmilyDavid-289-2.jpg","thumbnail_width":1000,"thumbnail_height":1000,"description":"Bonjour \u00e0 tous ! Emily et David viennent tout juste de d\u00e9couvrir les photos de leur mariage, c\u00e9l\u00e9br\u00e9 le 13 mai dernier, et&#8230; sans vouloir parler \u00e0 leur place, j&rsquo;ai bien l&rsquo;impression que cette galerie r\u00e9pond \u00e0 leurs attentes ! (Merci pour vos retours si adorables !!) J&rsquo;ai eu le privil\u00e8ge de les accompagner depuis les derniers instants de la pr\u00e9paration de la mari\u00e9e jusqu&rsquo;au &hellip; Continue reading &raquo;"}

Bonjour à tous ! Emily et David viennent tout juste de découvrir les photos de leur mariage, célébré le 13 mai dernier, et&#8230; sans vouloir parler à leur place, j&rsquo;ai bien l&rsquo;impression que cette galerie répond à leurs attentes ! (Merci pour vos retours si adorables !!) J&rsquo;ai eu le privilège de les accompagner depuis les derniers instants de la préparation de la mariée jusqu&rsquo;au &hellip; Continue reading &raquo;
