{"version":"1.0","provider_name":"Le blog d&#039;un photographe mariage","provider_url":"https:\/\/www.les-photos-de-mon-mariage.fr\/blog","author_name":"Thomas","author_url":"https:\/\/www.les-photos-de-mon-mariage.fr\/blog\/author\/thomasadmin\/","title":"Mariage de Sandrine et Fabrice - Le blog d&#039;un photographe mariage","type":"rich","width":600,"height":338,"html":"<blockquote class=\"wp-embedded-content\" data-secret=\"bVuXiTcPoQ\"><a href=\"https:\/\/www.les-photos-de-mon-mariage.fr\/blog\/mariage-sandrine-fabrice\/\">Mariage de Sandrine et Fabrice<\/a><\/blockquote><iframe sandbox=\"allow-scripts\" security=\"restricted\" src=\"https:\/\/www.les-photos-de-mon-mariage.fr\/blog\/mariage-sandrine-fabrice\/embed\/#?secret=bVuXiTcPoQ\" width=\"600\" height=\"338\" title=\"\u00ab\u00a0Mariage de Sandrine et Fabrice\u00a0\u00bb &#8212; Le blog d&#039;un photographe mariage\" data-secret=\"bVuXiTcPoQ\" frameborder=\"0\" marginwidth=\"0\" marginheight=\"0\" scrolling=\"no\" class=\"wp-embedded-content\"><\/iframe><script type=\"text\/javascript\">\n\/* <![CDATA[ *\/\n\/*! This file is auto-generated *\/\n!function(d,l){\"use strict\";l.querySelector&&d.addEventListener&&\"undefined\"!=typeof URL&&(d.wp=d.wp||{},d.wp.receiveEmbedMessage||(d.wp.receiveEmbedMessage=function(e){var t=e.data;if((t||t.secret||t.message||t.value)&&!\/[^a-zA-Z0-9]\/.test(t.secret)){for(var s,r,n,a=l.querySelectorAll('iframe[data-secret=\"'+t.secret+'\"]'),o=l.querySelectorAll('blockquote[data-secret=\"'+t.secret+'\"]'),c=new RegExp(\"^https?:$\",\"i\"),i=0;i<o.length;i++)o[i].style.display=\"none\";for(i=0;i<a.length;i++)s=a[i],e.source===s.contentWindow&&(s.removeAttribute(\"style\"),\"height\"===t.message?(1e3<(r=parseInt(t.value,10))?r=1e3:~~r<200&&(r=200),s.height=r):\"link\"===t.message&&(r=new URL(s.getAttribute(\"src\")),n=new URL(t.value),c.test(n.protocol))&&n.host===r.host&&l.activeElement===s&&(d.top.location.href=t.value))}},d.addEventListener(\"message\",d.wp.receiveEmbedMessage,!1),l.addEventListener(\"DOMContentLoaded\",function(){for(var e,t,s=l.querySelectorAll(\"iframe.wp-embedded-content\"),r=0;r<s.length;r++)(t=(e=s[r]).getAttribute(\"data-secret\"))||(t=Math.random().toString(36).substring(2,12),e.src+=\"#?secret=\"+t,e.setAttribute(\"data-secret\",t)),e.contentWindow.postMessage({message:\"ready\",secret:t},\"*\")},!1)))}(window,document);\n\/* ]]> *\/\n<\/script>\n","description":"Bonsoir \u00e0 tous, Petit retour ce soir sur le joli mariage de Sandrine et Fabrice que j&rsquo;ai eu la chance d&rsquo;immortaliser ! Ces deux musiciens se sont dit oui fin mai (il \u00e9tait temps d&rsquo;\u00e9crire ces quelques lignes !&#8230; Bon, les mari\u00e9s ont re\u00e7u leurs photos moins de trois semaines apr\u00e8s leur mariage, et c&rsquo;est bien le principal ! ^^). Sandrine, Fabrice, tous mes v\u0153ux &hellip; Continue reading &raquo;","thumbnail_url":"http:\/\/www.les-photos-de-mon-mariage.fr\/blog\/wp-content\/uploads\/2018\/07\/Mariage-SandrineFabrice-12-1024x683.jpg"}

Bonsoir à tous, Petit retour ce soir sur le joli mariage de Sandrine et Fabrice que j&rsquo;ai eu la chance d&rsquo;immortaliser ! Ces deux musiciens se sont dit oui fin mai (il était temps d&rsquo;écrire ces quelques lignes !&#8230; Bon, les mariés ont reçu leurs photos moins de trois semaines après leur mariage, et c&rsquo;est bien le principal ! ^^). Sandrine, Fabrice, tous mes vœux &hellip; Continue reading &raquo;
